 the prime factors of 24422.
2, 12211
List the prime factors of 2988.
2, 3, 83
List the prime factors of 47621.
7, 6803
What are the prime factors of 826?
2, 7, 59
List the prime factors of 865.
5, 173
What are the prime factors of 84897?
3, 9433
List the prime factors of 103262.
2, 51631
What are the prime factors of 1078?
2, 7, 11
List the prime factors of 1391.
13, 107
List the prime factors of 62181.
3, 7, 47
What are the prime factors of 27597?
3, 9199
What are the prime factors of 8304?
2, 3, 173
What are the prime factors of 15083?
15083
List the prime factors of 10701.
3, 29, 41
List the prime factors of 2148.
2, 3, 179
What are the prime factors of 16567?
16567
List the prime factors of 12459.
3, 4153
List the prime factors of 5513.
37, 149
List the prime factors of 5009.
5009
List the prime factors of 29279.
19, 23, 67
What are the prime factors of 154?
2, 7, 11
List the prime factors of 77801.
77801
List the prime factors of 7185.
3, 5, 479
What are the prime factors of 28923?
3, 31, 311
What are the prime factors of 710?
2, 5, 71
What are the prime factors of 90625?
5, 29
List the prime factors of 1898.
2, 13, 73
What are the prime factors of 62071?
62071
What are the prime factors of 23828?
2, 7, 23, 37
What are the prime factors of 1907?
1907
What are the prime factors of 457?
457
List the prime factors of 2294.
2, 31, 37
List the prime factors of 3683.
29, 127
What are the prime factors of 4656?
2, 3, 97
What are the prime factors of 170620?
2, 5, 19, 449
What are the prime factors of 27954?
2, 3, 1553
List the prime factors of 685.
5, 137
List the prime factors of 17241.
3, 7, 821
What are the prime factors of 1306?
2, 653
List the prime factors of 20537.
11, 1867
List the prime factors of 15200.
2, 5, 19
What are the prime factors of 5650?
2, 5, 113
List the prime factors of 15617.
7, 23, 97
What are the prime factors of 7413?
3, 7, 353
List the prime factors of 7954.
2, 41, 97
What are the prime factors of 33665?
5, 6733
What are the prime factors of 655?
5, 131
What are the prime factors of 9333?
3, 17, 61
What are the prime factors of 13098?
2, 3, 37, 59
List the prime factors of 11428.
2, 2857
What are the prime factors of 2736?
2, 3, 19
List the prime factors of 23.
23
What are the prime factors of 3555?
3, 5, 79
What are the prime factors of 36049?
13, 47, 59
What are the prime factors of 3058?
2, 11, 139
List the prime factors of 20823.
3, 11, 631
List the prime factors of 860.
2, 5, 43
What are the prime factors of 801?
3, 89
What are the prime factors of 75?
3, 5
List the prime factors of 4768.
2, 149
List the prime factors of 6870.
2, 3, 5, 229
List the prime factors of 40928.
2, 1279
List the prime factors of 1650.
2, 3, 5, 11
List the prime factors of 83128.
2, 10391
List the prime factors of 1782.
2, 3, 11
What are the prime factors of 6329?
6329
List the prime factors of 2253.
3, 751
List the prime factors of 919.
919
What are the prime factors of 837?
3, 31
List the prime factors of 16005.
3, 5, 11, 97
What are the prime factors of 43313?
43313
What are the prime factors of 496?
2, 31
What are the prime factors of 9702?
2, 3, 7, 11
List the prime factors of 29564.
2, 19, 389
What are the prime factors of 12823?
12823
List the prime factors of 783.
3, 29
What are the prime factors of 1000?
2, 5
List the prime factors of 2061.
3, 229
What are the prime factors of 4757?
67, 71
List the prime factors of 58108.
2, 73, 199
List the prime factors of 954.
2, 3, 53
What are the prime factors of 9970?
2, 5, 997
What are the prime factors of 16207?
19, 853
What are the prime factors of 2382?
2, 3, 397
List the prime factors of 7778.
2, 3889
List the prime factors of 70192.
2, 41, 107
List the prime factors of 14605.
5, 23, 127
What are the prime factors of 521?
521
List the prime factors of 12840.
2, 3, 5, 107
What are the prime factors of 539?
7, 11
What are the prime factors of 583?
11, 53
List the prime factors of 35861.
7, 47, 109
List the prime factors of 4609.
11, 419
List the prime factors of 2182.
2, 1091
What are the prime factors of 19254?
2, 3, 3209
What are the prime factors of 401?
401
What are the prime factors of 1054?
2, 17, 31
What are the prime factors of 7386?
2, 3, 1231
What are the prime factors of 16225?
5, 11, 59
What are the prime factors of 3373?
3373
List the prime factors of 2424.
2, 3, 101
List the prime factors of 582.
2, 3, 97
What are the prime factors of 7076?
2, 29, 61
What are the prime factors of 5707?
13, 439
What are the prime factors of 37763?
11, 3433
List the prime factors of 5656.
2, 7, 101
List the prime factors of 19163.
19163
What are the prime factors of 3074?
2, 29, 53
What are the prime factors of 1595?
5, 11, 29
What are the prime factors of 2025?
3, 5
List the prime factors of 17896.
2, 2237
What are the prime factors of 52388?
2, 7, 1871
List the prime factors of 11196.
2, 3, 311
List the prime factors of 622.
2, 311
List the prime factors of 624.
2, 3, 13
What are the prime factors of 8751?
3, 2917
What are the prime factors of 210?
2, 3, 5, 7
List the prime factors of 6308.
2, 19, 83
List the prime factors of 3499.
3499
What are the prime factors of 43687?
7, 79
List the prime factors of 874.
2, 19, 23
List the prime factors of 182391.
3, 11, 5527
What are the prime factors of 2627?
37, 71
List the prime factors of 3445.
5, 13, 53
List the prime factors of 49685.
5, 19, 523
What are the prime factors of 178522?
2, 89261
What are the prime factors of 5?
5
List the prime factors of 1473.
3, 491
What are the prime factors of 14549?
14549
List the prime factors of 4269.
3, 1423
List the prime factors of 1560.
2, 3, 5, 13
What are the prime factors of 3916?
2, 11, 89
What are the prime factors of 1448?
2, 181
List the prime factors of 510.
2, 3, 5, 17
List the prime factors of 83315.
5, 19, 877
What are the prime factors of 888?
2, 3, 37
List the prime factors of 5561.
67, 83
List the prime factors of 1978.
2, 23, 43
What are the prime factors of 60024?
2, 3, 41, 61
What are the prime factors of 1677?
3, 13, 43
What are the prime factors of 5512?
2, 13, 53
List the prime factors of 263.
263
What are the prime factors of 4477?
11, 37
List the prime factors of 5941.
13, 457
What are the prime factors of 23705?
5, 11, 431
What are the prime factors of 55811?
7, 17, 67
What are the prime factors of 29118?
2, 3, 23, 211
List the prime factors of 33721.
33721
What are the prime factors of 5341?
7, 109
List the prime factors of 19114.
2, 19, 503
List the prime factors of 3940.
2, 5, 197
List the prime factors of 1850.
2, 5, 37
List the prime factors of 24970.
2, 5, 11, 227
List the prime factors of 138.
2, 3, 23
What are the prime factors of 24584?
2, 7, 439
List the prime factors of 2154.
2, 3, 359
List the prime factors of 845.
5, 13
What are the prime factors of 1438?
2, 719
List the prime factors of 8660.
2, 5, 433
List the prime factors of 3476.
2, 11, 79
List the prime factors of 95292.
2, 3, 2647
What are the prime factors of 19449?
3, 2161
What are the prime factors of 2931?
3, 977
List the prime factors of 20191.
61, 331
What are the prime factors of 2175?
3, 5, 29
List the prime factors of 3861.
3, 11, 13
List the prime factors of 14749.
7, 43
List the prime factors of 16255.
5, 3251
List the prime factors of 70167.
3, 19, 1231
What are the prime factors of 70249?
70249
List the prime factors of 2373.
3, 7, 113
What are the prime factors of 682?
2, 11, 31
What are the prime factors of 8300?
2, 5, 83
What are the prime factors of 2786?
2, 7, 199
What are the prime factors of 1250?
2, 5
What are the prime factors of 10302?
2, 3, 17, 101
List the prime factors of 26919.
3, 997
List the prime factors of 102275.
5, 4091
What are the prime factors of 489?
3, 163
What are the prime factors of 361?
19
What are the prime factors of 969?
3, 17, 19
What are the prime factors of 342?
2, 3, 19
What are the prime factors of 1891?
31, 61
List the prime factors of 9448.
2, 1181
List the prime factors of 528.
2, 3, 11
What are the prime factors of 64?
2
List the prime factors of 34481.
29, 41
List the prime factors of 827.
827
List the prime factors of 2290.
2, 5, 229
List the prime factors of 43335.
3, 5, 107
List the prime factors of 5204.
2, 1301
What are the prime factors of 179610